(-24))/(-7) - t/8?
6
Suppose 3*f + 6 = 5*f + 3*p, 0 = -5*f + p + 15. Let h(a) = 44*a + 5. What is the units digit of h(f)?
7
Suppose -3*z = 2*z + 5. Let t be (z + 34)/3*-3. What is the units digit of (-1)/(-2) - t/2?
7
Let d(o) = o**2 + 35 + 16*o + 15*o - 26*o. What is the tens digit of d(-11)?
0
Suppose 0 = -28*m + 21*m + 3339. What is the units digit of m?
7
Let c(q) = -14*q + 743. What is the units digit of c(0)?
3
Let y(c) = -4*c**2 - 2*c + 2. Let f(g) = -g**2 - g + 1. Let t(h) = -5*f(h) + y(h). Let i(v) = -v - 11. Let q be i(-5). What is the units digit of t(q)?
5
What is the hundreds digit of -1412*((-31)/(-124))/((-1)/2)?
7
Let d = -5 + 19. Suppose 4*q + 2*x + d = 0, 0*q - 4*x - 4 = 4*q. What is the units digit of ((-1)/(-4))/(q/(-24))?
1
Let t(u) = u**3 - 8*u**2 + 8*u + 10. Let q = 5 - 0. Suppose -q*b = 0, 13 = -5*c - 2*b + 48. What is the units digit of t(c)?
7
Let k be (1690/25)/((-63)/(-15) + -4). Suppose -k = -6*y + 958. What is the units digit of y?
6
Suppose 0 = -3*w + 5*z + 37, -2*w + 9 = -w - z. Let c be 1*(1 + 1)*2. Suppose w*v = 3*k - 83, -c*v = -5*k - v + 142. What is the units digit of k?
9
Let t = -211 - -383. What is the units digit of t?
2
Let r(m) = 4*m**2 + 4*m + 3. Let s(g) = g**2. Let b(l) = -r(l) + 6*s(l). What is the units digit of b(3)?
3
Let v be (3 - (0 - -2))/(1/67). Let c = -54 + v. What is the tens digit of c?
1
Suppose -4*y + 8 = 0, -4*x + 5*y = -0*x + 18. Let k be 4 + (-1)/(x + 3). Suppose k*m - 175 = -34. What is the tens digit of m?
4
Let l(o) = o**3 - 11*o**2 + o + 1. Let s be l(11). What is the units digit of 4/(-3) - (-460)/s?
7
Let j = -2 - 2. Let v(x) = 2*x + 1. Let m(h) = h**2 - 4*h - 4. Let u(w) = -m(w) - 5*v(w). What is the units digit of u(j)?
7
What is the tens digit of (300/(-9))/(-20) - (-14480)/6?
1
Let m(g) = 254*g**2 + 11*g - 8. What is the hundreds digit of m(3)?
3
What is the tens digit of ((-2483)/39)/((-2)/132)?
0
What is the units digit of (95 + -1)*(-240)/(-30)?
2
Let d be 2 - 85*(-3 - -1 - -1). Suppose 6*g - d = 3*g. What is the units digit of g?
9
Let q(w) = 17*w**2 - 7*w + 78. What is the tens digit of q(11)?
5
Let m(h) = 3*h + 33. Let j be m(-10). Suppose 162 + 108 = j*c. What is the tens digit of c?
9
Suppose -5*n - 2*m + 16 = 1, 3*m = 3*n - 30. Let d(o) = o**2 + o + 19. What is the tens digit of d(n)?
4
Let w(b) = -2*b + 16 - 10 - 3*b + b**2 - b. Suppose 3*m + 5 = 4*m. What is the units digit of w(m)?
1
Let l be 4/10 - (-37)/(-5). Suppose 45 = 3*u - 0. Let r = u + l. What is the units digit of r?
8
Let r(i) = -i**2 + 4*i - 5. Let x be r(8). Let l = 69 + x. Suppose 0*b = b - l. What is the tens digit of b?
3
Let c(d) = d**3 - 5*d**2 - 4*d + 5. Let o be ((-12)/(-20))/(1/5). Suppose -2*r = -m + 2, 19 - o = m + 5*r. What is the tens digit of c(m)?
1
Suppose -4*n = n - 45. Suppose 0 = 4*q - q + n. What is the tens digit of (55/15)/((-1)/q)?
1
Let d be (-7 + 4)/(1/(-3)). Let h(m) = -m**3 + 9*m**2 + 12*m + 6. Let u be h(d). What is the units digit of (u/15 + -1)*5?
3
Let d(m) = -18*m + 2. Let h be d(-4). Suppose 4*z = -2*s - 114, 0 = -4*s - 2*z - 26 - 190. Let n = h + s. What is the units digit of n?
1
Let o = 27 - 41. What is the units digit of 483/o*8/(-6)?
6
Let j(c) = -41*c + 13*c**2 + 46*c - 5 - 3. What is the hundreds digit of j(3)?
1
Let i(k) = -17*k - 202. What is the units digit of i(-18)?
4
What is the tens digit of 2226/(-4)*(22 + -24)?
1
Let i be 1*2/((-4)/(-106)). Let o = i + -10. What is the tens digit of o?
4
Let o(w) = -w**2 + 4*w - 3. Let b be o(1). Suppose b = -2*p + 4*p - 212. What is the hundreds digit of p?
1
What is the units digit of ((-3)/(45/(-543)))/(1/5)?
1
Let u(i) = -4*i**2 + 4. Let k(r) = -21*r**2 + 20. Let c(a) = 2*k(a) - 11*u(a). What is the units digit of c(-2)?
4
Suppose -24*c + 48511 = 11359. What is the units digit of c?
8
Let u(h) = -35*h - 1. Suppose -14 = 5*a - 4. Let i be u(a). Suppose -i + 274 = 5*b. What is the tens digit of b?
4
Suppose -572 = -2*f + 5*c, 4*f - 1144 = 25*c - 21*c. What is the hundreds digit of f?
2
Let l(q) = -q**3 + 2*q**2 - 6*q + 3. Let h be l(3). Let w = 43 + h. What is the tens digit of w?
1
Suppose 0 = 3*x - 8236 - 3518. What is the units digit of x?
8
Suppose -3*y = 3*k - 48, 0*y = 5*k - 3*y - 120. Suppose 5*h + 3*b = 17 + 40, -b = 4*h - 47. Let x = k - h. What is the units digit of x?
9
Suppose -15606 = -8*h + 15514. What is the units digit of h?
0
Let n = -34 + 37. Let a(o) = 6*o**2 - n - 3*o**2 - 3 - 6*o. What is the units digit of a(-4)?
6
Suppose 0 = -2*w - w - 2*l + 5, 7 = -3*w + l. Let q be 10/(-2) + -2 - w. What is the units digit of q*(2 + 14/(-4))?
9
Let a(h) be the third derivative of -h**6/120 - h**5/10 + h**4/24 - 2*h**3/3 + 6*h**2. Let b be a(-6). What is the tens digit of (8/b)/((-8)/140)?
1
Suppose 3*v - 12 = 3*q - 2*q, 0 = -5*q. Let n be 225*(2 + 3 - v). What is the units digit of (8/12)/(6/n)?
5
Let f = 21 + -30. What is the hundreds digit of (1 + f/2)*-34?
1
Let c(v) = -v**3 - 11*v**2 + 5*v + 50. What is the units digit of c(-12)?
4
Let f = 13 + -13. What is the units digit of (f - 3 - -4) + 63?
4
Let j(x) = -5*x**3 + 5*x**2 + 4*x + 3. Let k(v) = 14*v**3 - 15*v**2 - 12*v - 10. Let o = 9 - 13. Let b(c) = o*k(c) - 11*j(c). What is the tens digit of b(5)?
2
Suppose 4*x = z + 1042, 0*x + 4*z = 4*x - 1048. Suppose -3*m - 3*s + x = 26, 2*m - 3*s - 161 = 0. What is the units digit of m?
9
Suppose -m + 3*t = 54, 0 = -8*t + 4*t - 16. What is the units digit of -2*(1 + 1) - m?
2
Suppose -2*t + 20 = 3*t. Let d(f) = 31*f + 30. Let a be d(5). Suppose a = r + t*r. What is the units digit of r?
7
Suppose 0 = 16*x - 11*x - 20. Suppose 3*h + 10 = 6*h + 5*z, 2*z = 4*h + x. Suppose h = j - 7. What is the units digit of j?
7
Let n(k) = 2*k**2 - 31. What is the tens digit of n(-7)?
6
Suppose -3*s - 2*n = -274 - 19, 103 = s + 2*n. What is the units digit of s?
5
Suppose -9*u + 8*u = 0. Suppose 3*n = -3*m + 9, -15 = -u*m - 5*m + n. Suppose -x - 2*x + p = -164, m*x = 2*p + 166. What is the units digit of x?
4
Suppose 3*a + 403 = 4*n, 7*n - 5*a - 105 = 6*n. What is the units digit of n?
0
Suppose -15 + 13 = -l. Suppose 394 = l*o - a, -2*o = -5*a - 162 - 232. What is the hundreds digit of o?
1
Suppose 5 - 16 = -3*o + 2*q, 0 = 3*o + q - 8. Suppose 3*u - 30 = -o*f, f = u - 3*u + 9. What is the tens digit of f?
1
Let r be 9/(-12) + 423/4. Let t = r + -75. What is the units digit of t?
0
Let v(g) = 3 - 12*g - 6 - 525*g**2 + 524*g**2. Suppose x - 4*x - 5*k - 4 = 0, k = -3*x - 20. What is the tens digit of v(x)?
2
Let k = 33 - -147. What is the hundreds digit of k?
1
What is the units digit of 67508/70 + 10 - 2/5?
4
Suppose 2*p - 690 = 5*p. Let g = p - -561. What is the tens digit of g?
3
Let a be 11/(-5)*-3*5. Let d = 8 + a. Let r = 69 - d. What is the tens digit of r?
2
Suppose -5*y = 3*u - 70, -y = 4*u - u - 26. Suppose 0 = z - 5*h + y, -h - 55 = 3*z - 5*h. Let b = z + 29. What is the units digit of b?
8
Let p = -98 - -28. Let f be -115 + (-5)/((-5)/2). Let b = p - f. What is the tens digit of b?
4
Let w(j) = j**2 + 4*j + 7. Let r = -12 - -16. Suppose -5*x = -r*x + 5. What is the units digit of w(x)?
2
Let c = 2066 - 1733. What is the units digit of c?
3
Let d(g) = g - 2. Let q = -2 - -11. What is the units digit of d(q)?
7
Let i = 0 + 10. Suppose 0*j - i = -5*j. What is the tens digit of (-85)/(-10)*(j + 0)?
1
Suppose -2*g = 4*u - 444, 5*g - 267 = -u + 816. What is the tens digit of g?
1
Suppose g - 389 = -c, 15 + 1 = -4*c. What is the hundreds digit of g?
3
Let h be (6/(-4))/((-27)/36). Let a be 9 - 3/h*2. Let s(q) = 5*q + 3. What is the units digit of s(a)?
3
Suppose 75 - 417 = -3*d. Suppose 3*x - d = -0*x. What is the units digit of x?
8
Suppose 0 = -3*t + 12 - 0. Suppose t*y - y + 204 = 3*b, 0 = 4*b + 4*y - 304. What is the tens digit of b?
7
What is the hundreds digit of ((-254452)/(-60) - 6) + (-4)/(-30)?
2
What is the hundreds digit of (-7)/(84/(-2852)) + (-2)/(-6)?
2
Let x(i) = 217*i + 56. What is the hundreds digit of x(3)?
7
Let w(z) = 67*z - 125. What is the hundreds digit of w(9)?
4
Suppose 266 + 90 = 2*v. What is the tens digit of v?
7
Suppose 2*t + u = 6*u + 47, -t - 3*u + 29 = 0. Suppose 4*a - m + 156 = 0, 3*m + t = -a - 0*m. What is the units digit of (1 - 3) + 0 - a?
6
Suppose 6 = -f + 63. Suppose 2*q = w - 